s digit of p?
8
Let b(a) = 3*a + 10. Let w be b(-9). Let j = w + 29. What is the units digit of j?
2
Let n(m) = -m**3 - 7*m**2 - 7*m - 3. Suppose -6*l + 3*l = 18. Let z be n(l). What is the units digit of 3/z - (-9)/3?
4
Let b(y) be the second derivative of y**3/2 - y**2/2 - 4*y. What is the units digit of b(4)?
1
Let w = 11 + -7. Suppose x + 7 = -4*j + 5*j, -w*j = -x - 25. What is the units digit of 8/6*(j - 0)?
8
Suppose 21*p = 16*p + 240. What is the tens digit of p?
4
Let o be -1*2*(-5)/5. Suppose x - l - 46 = -0*x, -x + 41 = -o*l. What is the units digit of x?
1
Let c(x) = -x**2 + 12*x - 7. What is the units digit of c(5)?
8
Let o(k) = -4*k + 13. Let q(b) = -b + 4. Let n(g) = 3*o(g) - 8*q(g). Let y be n(-5). Let x = -17 + y. What is the units digit of x?
0
Suppose 21 = 3*y + 9. Suppose y*c - 3*c - 9 = 0. What is the units digit of c?
9
Suppose 75 - 20 = 5*x. Let c = x + -2. What is the units digit of c?
9
Let z be 8 + -6 - 2*-4. Suppose 0 = 2*w + 5*c - z - 20, w + 2*c = 14. What is the tens digit of w?
1
Let k = -5 - -6. Let h be (11/(-4))/(k/(-4)). Suppose 0*a = -a + h. What is the tens digit of a?
1
Let n = 16 + 8. Suppose n = 5*t - t. What is the units digit of t?
6
What is the units digit of (0 + 196/(-10))/(2/(-10))?
8
Suppose -4*s + 270 = -126. Let h = s + -27. Suppose -3*l = l + 3*o - h, -5*l + 95 = 5*o. What is the tens digit of l?
1
Let j be (0 + -18)/((-15)/(-10)). Let v = j - -26. Let o = v - -2. What is the tens digit of o?
1
Let x(j) = -7*j**3 - 2*j**2 - 2*j - 6. Let u(h) = -h**3 - h**2 - h. Let k(f) = 6*u(f) - x(f). What is the tens digit of k(5)?
1
Suppose -5*o - 79 + 344 = 0. What is the units digit of o?
3
Let d(n) = n + 10. Let l be d(-8). Let z = 4 - l. What is the units digit of z?
2
Let i(h) = 6*h**2 + 3*h. What is the tens digit of i(-3)?
4
Let n = -1 + 1. Suppose n*m - m - 2 = 0. What is the units digit of ((-2)/3)/(m/24)?
8
Let l(o) = -o**3 + 5*o**2 - 2*o + 4. Let n be l(5). Let s(m) = -m**3 - 4*m**2 + 6*m - 4. What is the units digit of s(n)?
2
Suppose 0 = 4*c + 21 + 23. Let p = 19 + c. What is the units digit of p?
8
What is the tens digit of 0 + 3 + -7 - -23?
1
Let x be (-2)/(-4) - 26/4. Let h(i) = 75 - 72 - i**2 + 7*i**2 + i**3. What is the units digit of h(x)?
3
Let s = 25 + 0. Suppose -s = 5*v - 0, 4*o - 59 = 3*v. What is the tens digit of o?
1
Let d be (3/(-6))/((-1)/6). Suppose -d*i = o - 7, -5*i + 3*i + 5*o + 16 = 0. What is the units digit of i?
3
Suppose 3*c = 3*i - 255, -3*c - 174 = 2*i - 4*i. What is the units digit of i?
1
What is the tens digit of ((-2)/8)/((-3)/348)?
2
Let u be 318/8 - 1/(-4). Suppose 5*o - 9 = 11. Suppose -16 = -o*n + 2*z, 2*n + 2*n + 4*z = u. What is the units digit of n?
6
Suppose f + 0*f = -4*u + 180, u - 5*f - 45 = 0. What is the tens digit of u?
4
Let n = -178 + 280. What is the units digit of n/14 - 14/49?
7
What is the hundreds digit of 2355/18 + 3 - (-1)/6?
1
Let j(a) be the third derivative of a**6/120 + a**5/15 - a**4/6 + a**3/6 - a**2. What is the units digit of j(-3)?
2
Let z = -66 + 102. What is the units digit of z?
6
Suppose 4*q - 43 + 3 = 0. What is the units digit of (-4)/q - (-47)/5?
9
Let g(z) = 5*z**2 + 12*z - 20. What is the tens digit of g(-9)?
7
Let f(n) = n - 8. Let v be f(7). What is the units digit of (v - -4)/(6/16)?
8
Suppose -5*u + 3*b - 2*b + 32 = 0, 3*b = -5*u + 44. What is the units digit of u?
7
Suppose -d = -2*v + 489, -13*d = 5*v - 16*d - 1223. What is the hundreds digit of v?
2
What is the units digit of (-19)/(-2) + 6/(-12)?
9
Let q(g) = 8*g**2 - 3*g - 6. Let b(p) = -3*p**2 + p + 2. Let m(l) = 11*b(l) + 4*q(l). Let n be m(-2). What is the tens digit of ((-30)/n)/(1/2)?
1
Let p(t) = t**3 - 4*t**2 - 3*t + 7. What is the tens digit of p(5)?
1
Let u(o) = o + 16. What is the tens digit of u(0)?
1
Let r(s) = 3*s**2 + s + 5. Let v be r(-5). Let h = v - 52. What is the units digit of h?
3
What is the units digit of -2 + -2 + 1 + 11?
8
Let y be (42/12)/(1/2). Suppose 4*f - 48 = 2*o, y*o - 2*o - 36 = -3*f. Suppose -2*z + f = 2. What is the units digit of z?
5
Let r(y) = -7*y**3 + 5*y**2 + 4*y - 1. Let o(v) = -6*v**3 + 4*v**2 + 3*v - 1. Let c(j) = -4*o(j) + 3*r(j). What is the units digit of c(1)?
3
Let q be 4 - -2 - 0 - 1. Let m = q + 5. What is the tens digit of m?
1
What is the hundreds digit of (-8)/68 - (-2331)/17?
1
Suppose 0*s - 42 = -s - 3*h, 0 = -s + h + 38. What is the tens digit of s?
3
Let w = 13 + -6. What is the units digit of w?
7
Suppose 4*k = -c - 3*c + 532, 4*k + c = 538. What is the hundreds digit of k?
1
Suppose -3*g - 16 = -x - 3, -15 = -x + 4*g. What is the units digit of x?
7
Let s = 0 + 1. What is the units digit of s?
1
Let i be 2/9 - (-142)/9. Suppose 0 = 4*f + i - 4, 13 = -2*o - 5*f. What is the units digit of o?
1
Let p be 2/(-6)*(-3)/1. Suppose 4 = 3*n + p. Let f = 7 - n. What is the units digit of f?
6
What is the units digit of (-4)/14 - 684/(-42)?
6
Let n = 260 + -123. What is the hundreds digit of n?
1
Let p(l) = -l**3 - 9*l**2 + 10*l + 3. What is the units digit of p(-10)?
3
Suppose 7 = 5*d - 4*f, 21 = 5*d + 2*f + f. Suppose 4 = -4*v + 60. Suppose -d*m = -v + 5. What is the units digit of m?
3
Let v = 1431 - 978. What is the tens digit of 1/(-5) - v/(-15)?
3
Let i(v) = -v**2 + 36. Let t be i(0). Suppose -n + t = 2*n. Let c = n - 2. What is the units digit of c?
0
Suppose -w = -d + 3*d + 1, 2*w + d - 1 = 0. Let g = w - -3. What is the units digit of g?
4
What is the units digit of (7/((-49)/12))/((-4)/70)?
0
Let s be 125/(-15) + (-2)/(-6). Let r = 31 + s. What is the tens digit of r?
2
Let y(k) = 2*k**3 - 2. Let s(i) = -i**2 + 4*i - 2. Let o be s(2). Let j be y(o). Suppose 0 = -b + j - 5. What is the units digit of b?
9
Suppose 0*f - f = l - 24, -12 = 3*l. What is the tens digit of f?
2
Let x = 27 + -13. What is the units digit of x?
4
Suppose 8*x - 345 = 3*x. What is the tens digit of x?
6
Suppose 2*k + 4*v + 0*v - 50 = 0, -3*v - 93 = -3*k. What is the tens digit of k?
2
Let q be 2/3 - (-132)/18. Let b(w) = -w - 4. Let x be b(-7). Suppose -j = -x*c - q, -2*j + 0*c = -c - 16. What is the units digit of j?
8
Let y = -236 - -613. What is the units digit of y?
7
Suppose 317 = a - 5*y, 0 = -4*a - 5*y + 210 + 1033. What is the hundreds digit of a?
3
Let y be (-9)/(-3) - (-1 - 0). Suppose 5*c - 35 = -2*b, 0*c + 56 = 3*b + y*c. What is the units digit of b?
0
Let m = 2 + 3. Suppose -4*j + 33 = m. Suppose 0 = -2*u + 1 + j. What is the units digit of u?
4
Let d(k) = -k**3 - 13*k**2 + 15*k + 5. Let n be d(-14). What is the tens digit of (-389)/n + 10/(-45)?
4
Let i = -6 - -12. Let m(g) = 3*g + 3. Let l be m(i). Suppose 7*n = 2*p + 2*n - 27, p - l = 5*n. What is the units digit of p?
6
Let d(g) be the second derivative of 5*g**3/6 + g**2 - g. Let j be d(-2). What is the units digit of (j/(-6))/(8/12)?
2
Suppose 0 = -4*d - o + 20, 5*d - 3*o = -2*o + 25. Suppose 3*s - g = 32, -45 = -d*s - g + 3. What is the tens digit of s?
1
Let h(b) = b**2 + 1. Let d(w) be the first derivative of w**3/3 + 5*w**2 + 6*w + 1. Let l be d(-9). What is the units digit of h(l)?
0
What is the units digit of ((-5)/(10/(-86)))/(-1)*-1?
3
Let g be ((-24)/(-18))/((-2)/(-24)). Suppose -5*u + 0*n - 4*n = -31, -2*n = -2*u + g. What is the units digit of u?
7
Let w be ((-8)/4)/(4/(-6)). Suppose -5*i = -w*f - 145, -i + 5*f = 3 - 32. What is the tens digit of i?
2
Let o = -1 + 21. What is the units digit of o?
0
Suppose 3*j + 4*x - 433 = 0, -4*j + 741 - 169 = 4*x. What is the units digit of j?
9
Suppose 4*o + 0*l + 2*l + 20 = 0, -4*o = -4*l + 32. Let k be o/(-21) + (-44)/7. What is the units digit of 15/9 - (-4)/k?
1
Suppose -7*l + 267 = -447. What is the units digit of l?
2
Suppose 3*p = -2*d - 0*d + 190, 5*p + 3*d - 317 = 0. What is the units digit of p?
4
Let o(h) = 24*h - 1. Let m be o(1). Suppose j + j - m = -w, -3*j + 23 = w. What is the tens digit of w?
2
Let l(a) = a**3 + 4*a**2 - 2*a - 6. Let n be l(-4). Suppose n*g = -5*x + 42, -4*x = 4*g - 3*x - 48. What is the units digit of g?
1
Let w(r) = r**2 + 2*r + 3. Let u be w(-2). Suppose -u*p = -102 + 39. What is the tens digit of p?
2
Suppose -4*y + 3*y - 29 = -4*i, -3*i + 4*y + 12 = 0. Let w = i + -6. What is the units digit of w?
2
Suppose 85 = 3*p + 4*t, -4*p + 19 = -5*t - 146. What is the units digit of p